n divisor of 19 and 2869.
19
Calculate the greatest common factor of 613 and 2.
1
What is the highest common divisor of 51 and 1275?
51
Calculate the highest common factor of 9 and 1359.
9
Calculate the greatest common divisor of 128 and 80.
16
What is the greatest common divisor of 24 and 228?
12
What is the highest common divisor of 36 and 468?
36
Calculate the greatest common factor of 34930 and 70.
70
Calculate the highest common factor of 465 and 360.
15
What is the highest common factor of 320 and 64?
64
Calculate the highest common divisor of 9 and 27.
9
Calculate the highest common divisor of 124 and 279.
31
Calculate the greatest common factor of 43 and 5375.
43
What is the greatest common factor of 1040 and 720?
80
Calculate the highest common divisor of 315 and 140.
35
What is the highest common factor of 17 and 6749?
17
Calculate the greatest common divisor of 124 and 775.
31
What is the greatest common divisor of 6545 and 170?
85
Calculate the greatest common factor of 1089 and 23232.
363
Calculate the greatest common divisor of 61 and 183.
61
What is the greatest common divisor of 32 and 3168?
32
What is the highest common factor of 45 and 675?
45
Calculate the greatest common factor of 240 and 72.
24
What is the highest common factor of 8 and 188?
4
What is the greatest common divisor of 11 and 99?
11
Calculate the highest common divisor of 1411 and 493.
17
What is the greatest common factor of 57 and 92169?
57
What is the greatest common factor of 1452 and 42?
6
What is the greatest common factor of 504 and 63?
63
What is the greatest common factor of 19 and 931?
19
What is the greatest common factor of 112 and 744?
8
What is the highest common divisor of 1749 and 33?
33
Calculate the highest common factor of 204 and 1292.
68
What is the highest common divisor of 513 and 9?
9
Calculate the greatest common factor of 48 and 141.
3
Calculate the highest common divisor of 378 and 5103.
189
Calculate the greatest common factor of 136 and 1496.
136
What is the greatest common divisor of 16 and 2116?
4
What is the greatest common divisor of 120 and 2355?
15
What is the greatest common divisor of 5185 and 680?
85
What is the greatest common factor of 1157 and 89?
89
Calculate the greatest common divisor of 16835 and 1365.
455
Calculate the greatest common divisor of 425 and 60.
5
Calculate the highest common factor of 24 and 111.
3
What is the greatest common divisor of 176 and 187?
11
What is the highest common factor of 1066 and 328?
82
What is the greatest common factor of 85 and 1445?
85
Calculate the highest common divisor of 608 and 19.
19
What is the greatest common divisor of 23 and 9959?
23
What is the greatest common divisor of 95 and 10?
5
What is the greatest common divisor of 138 and 6?
6
Calculate the greatest common divisor of 2457 and 108.
27
Calculate the greatest common divisor of 23 and 7889.
23
Calculate the greatest common factor of 3448 and 56.
8
What is the greatest common divisor of 3 and 13?
1
What is the highest common factor of 27 and 21?
3
Calculate the highest common factor of 594 and 363.
33
Calculate the highest common factor of 42 and 3003.
21
Calculate the highest common factor of 9230 and 130.
130
What is the greatest common factor of 48 and 816?
48
Calculate the highest common factor of 30 and 830.
10
What is the highest common divisor of 810 and 160?
10
What is the greatest common factor of 112 and 16?
16
Calculate the greatest common divisor of 2 and 598.
2
Calculate the greatest common divisor of 1267 and 63.
7
What is the greatest common factor of 88 and 58124?
44
What is the highest common factor of 124 and 62?
62
What is the highest common factor of 132 and 36?
12
What is the highest common factor of 138 and 207?
69
What is the greatest common divisor of 231 and 132?
33
Calculate the highest common divisor of 200 and 1825.
25
What is the greatest common factor of 10 and 90?
10
Calculate the highest common divisor of 185 and 111.
37
Calculate the highest common factor of 939 and 9.
3
What is the greatest common factor of 62 and 434?
62
Calculate the highest common factor of 14 and 3668.
14
Calculate the greatest common factor of 74 and 185.
37
What is the highest common factor of 168 and 48?
24
What is the highest common factor of 96 and 64?
32
Calculate the highest common divisor of 36 and 2844.
36
Calculate the greatest common divisor of 63 and 108.
9
Calculate the highest common factor of 342 and 288.
18
Calculate the highest common factor of 528 and 8.
8
Calculate the greatest common factor of 1984 and 2624.
64
Calculate the greatest common divisor of 1288 and 1456.
56
Calculate the highest common factor of 250 and 1200.
50
Calculate the highest common divisor of 3 and 1.
1
What is the greatest common divisor of 108 and 456?
12
Calculate the highest common factor of 382 and 29414.
382
Calculate the greatest common divisor of 48 and 40.
8
What is the greatest common divisor of 340 and 220?
20
What is the highest common factor of 264 and 363?
33
What is the greatest common divisor of 340 and 85?
85
What is the highest common divisor of 2159 and 127?
127
Calculate the highest common factor of 52 and 117.
13
What is the greatest common divisor of 497 and 2?
1
What is the highest common divisor of 8 and 128?
8
What is the greatest common divisor of 345 and 885?
15
What is the greatest common divisor of 399 and 42?
21
What is the greatest common divisor of 234 and 130?
26
What is the greatest common factor of 214 and 4?
2
Calculate the greatest common divisor of 321 and 3103.
107
What is the highest common factor of 481 and 13?
13
What is the greatest common factor of 17 and 14?
1
What is the greatest common factor of 78 and 48?
6
Calculate the greatest common factor of 477 and 424.
53
What is the greatest common divisor of 10 and 30?
10
Calculate the highest common factor of 31 and 4805.
31
What is the greatest common factor of 476 and 2023?
119
Calculate the highest common divisor of 3003 and 52.
13
What is the greatest common factor of 60 and 390?
30
What is the highest common factor of 20 and 2165?
5
What is the greatest common factor of 407 and 22?
11
Calculate the highest common factor of 75 and 25.
25
What is the greatest common factor of 8 and 14?
2
What is the highest common divisor of 9 and 4761?
9
Calculate the highest common factor of 75 and 3.
3
What is the highest common factor of 525 and 4515?
105
What is the highest common factor of 567 and 1197?
63
What is the greatest common divisor of 39 and 447?
3
What is the greatest common divisor of 2451 and 1161?
129
Calculate the highest common factor of 64 and 5872.
16
What is the greatest common divisor of 535 and 85?
5
What is the highest common divisor of 74 and 333?
37
Calculate the greatest common factor of 2688 and 42.
42
Calculate the greatest common divisor of 2277 and 99.
99
Calculate the highest common divisor of 2289 and 21.
21
What is the greatest common factor of 585 and 39?
39
What is the highest common factor of 11 and 11?
11
What is the greatest common divisor of 48 and 282?
6
Calculate the highest common divisor of 3712 and 29.
29
Calculate the greatest common divisor of 100 and 6050.
50
Calculate the highest common divisor of 33 and 11682.
33
What is the highest common factor of 470 and 70?
10
What is the highest common divisor of 20 and 40?
20
Calculate the highest common divisor of 72 and 3402.
18
What is the highest common divisor of 238 and 154?
14
Calculate the greatest common factor of 760 and 1045.
95
Calculate the greatest common factor of 2548 and 343.
49
What is the highest common factor of 1677 and 39?
39
Calculate the greatest common factor of 7386 and 6.
6
Calculate the highest common factor of 16 and 69712.
16
What is the highest common factor of 11842 and 124?
62
Calculate the highest common factor of 18667 and 11.
11
What is the highest common factor of 231 and 35?
7
What is the greatest common divisor of 28664 and 8?
8
Calculate the highest common divisor of 456 and 72.
24
Calculate the greatest common factor of 1351 and 14.
7
What is the highest common factor of 177 and 649?
59
Calculate the greatest common divisor of 380 and 57.
19
What is the greatest common factor of 105280 and 188?
188
What is t